f b?
5, 29
Suppose m - 131 = -0*m. Suppose 4*x = m - 363. Let c = x - -93. What are the prime factors of c?
5, 7
Suppose 5 = -5*o, 2*q - 8*o = -6*o + 7656. List the prime factors of q.
43, 89
Let q be (3/(-9))/(5/(-90)). Let c(f) = 9*f - 2. List the prime factors of c(q).
2, 13
Let m = -2 - -4. Let l be (196/(-10))/((-8)/80). Suppose 4*y = 4*d + l, 5*y - 4*y + m*d - 37 = 0. List the prime factors of y.
3, 5
Suppose 3*i + 3 = -3*h, 5*i + 14 = 3*h + 33. What are the prime factors of h - (12/(-15))/(-2)*-80?
29
Let p = 42 - 14. Let t(o) = -4*o - o + p + 3*o + 4*o. List the prime factors of t(16).
2, 3, 5
List the prime factors of 2/(-5) - (-19)/((-1140)/(-91704)).
2, 191
Let s(f) = -1087*f**3 + 3*f**2 + 2*f. List the prime factors of s(-1).
2, 17
What are the prime factors of 3 - (-11)/((-55)/(-2450))?
17, 29
Let s = 2221 - 1263. List the prime factors of s.
2, 479
Let y = 24 + -19. Let p be -3 - y/(-1)*1. Suppose 2*s = -5*w + 153, p*s - 5*w - 400 = -3*s. List the prime factors of s.
79
Suppose -13*n = -14*n + 21. Let k(t) = 0*t + n - 4 - 2*t - 10. What are the prime factors of k(-7)?
3, 7
Let v(q) = -10*q + 13*q + 11 + 26. Let n be v(0). Suppose 2*o - 363 = -4*j - n, -4*j = 4*o - 336. What are the prime factors of j?
79
Suppose -u + 52 = -5*u. Let b(n) = -2*n - 5*n + 14 + 4 + 8*n. List the prime factors of b(u).
5
Suppose -2*a = -5*q - 1745, 11*q - 1735 = -2*a + 6*q. What are the prime factors of a?
2, 3, 5, 29
Let y(t) = t**3 - 14*t**2 + 16*t + 25. Let x be (-3 - 0) + 160/10. List the prime factors of y(x).
2
Suppose 3*f = 5*s + 3 + 52, -4*s - 41 = -3*f. Let t = s - -59. Let l = -32 + t. List the prime factors of l.
13
Suppose -2*g - 6 = -4, -4*j + g + 497 = 0. List the prime factors of j.
2, 31
Suppose -10 = -5*u, -4*u + 427 = 4*b - 7769. What are the prime factors of b?
23, 89
Suppose 14 = l + 4*a, -2*l + 3*a - 23 - 4 = 0. Let p(d) = 2*d + 14. Let k be p(l). Suppose -5*h = -f + 56, -2*f - h = k*h - 73. List the prime factors of f.
41
Let g = 1198 - 173. List the prime factors of g.
5, 41
Let p = 453 + -171. List the prime factors of p.
2, 3, 47
Suppose 0 = 18*f + 3*f - 31962. What are the prime factors of f?
2, 761
Let w(o) = -2*o**2 + 8*o - 12. Let h(b) = -b**2 - b + 1. Let j(s) = -h(s) - w(s). What are the prime factors of j(5)?
3, 17
Suppose -33*r - 56943 = -60*r. What are the prime factors of r?
3, 19, 37
Let m = -12 - -16. Let v be 2/(-9) - m/(-18). Suppose v = 4*b - 57 - 35. List the prime factors of b.
23
Let r = 1320 + -887. What are the prime factors of r?
433
What are the prime factors of ((-15)/6)/((-2)/412)?
5, 103
Let b(g) = 12*g**2 + 10*g - 11. What are the prime factors of b(5)?
3, 113
Let x be (-11)/(-44) + 37/(-4). Let i = x + 0. Let q = 13 - i. List the prime factors of q.
2, 11
Suppose 9 = 2*w - y, -2*w = -4*y - y - 29. What are the prime factors of (w/3)/((-2)/(-6))?
2
Let r(k) = 738*k + 14. List the prime factors of r(1).
2, 47
Suppose -5*t = -6*t + 2. Suppose t*g - 58 = 192. What are the prime factors of g?
5
Suppose -2*r = -27*i + 25*i - 514, -259 = -r + 2*i. What are the prime factors of r?
3, 5, 17
Let n = 213 - -198. What are the prime factors of n?
3, 137
Let w be ((-2)/(-6))/(7/987). Suppose 0 = 2*d - 0*d + 40. Let m = w - d. What are the prime factors of m?
67
Let p(q) = -q**3 - 10*q**2 - 14*q + 7. Let x be p(-8). Let a = -3 - -1. Let i = a - x. List the prime factors of i.
7
Let t(c) = 9*c**2 - 8*c - 37. List the prime factors of t(-5).
2, 3, 19
Suppose -c - 5*i + 326 = 0, 0*i = 5*c + i - 1558. Suppose 2*u - c = -5*a, -5*a + 407 = 5*u + 87. What are the prime factors of a?
61
Suppose 5*v - 3*v = 0. Suppose v = -2*x + x + 66. Suppose 0 = -2*i + 4*i - x. What are the prime factors of i?
3, 11
Suppose -379*y + 391*y - 10152 = 0. What are the prime factors of y?
2, 3, 47
Let z be ((-4)/(-3))/(22/33). Let k(a) = -40*a - 10. Let b(h) = -8*h - 2. Let g(s) = -16*b(s) + 3*k(s). List the prime factors of g(z).
2, 3
Suppose -4*j + 4 = 2*q, -7*j - 23 = -8*j + 5*q. Suppose 5*a - 37 = -4*t, -a + 12 = -2*t + 41. Let k = t - j. What are the prime factors of k?
2, 5
Let s = -1 - 0. Let q be -3 + 3 + s + 1. Suppose -2*t + 0*t + 34 = q. List the prime factors of t.
17
Suppose -4*v - 2*r = v - 171, -2*v + 4*r = -78. Let q = v + -17. Let a = q + -16. What are the prime factors of a?
2
Let h(d) = -d**3 + d**2 + d + 144. Let q be h(0). Let z be ((-2)/4)/((-1)/q). Suppose z = 3*s + s. List the prime factors of s.
2, 3
Let c(g) = -2*g**3 - 5*g**2 + g - 5. Let s be c(-4). Let z = 65 + s. List the prime factors of z.
2, 13
Let c(k) = -81*k + 1. Suppose 3*p = 3*w - 3, w + 0*w = 5*p + 17. Let b be c(w). What are the prime factors of b/28 - (-2)/7?
3
Let u be (-6)/9*30/(-4). Suppose 23 + 107 = 2*l - 2*y, 2*y - 2 = 0. Suppose 14 + l = u*x. List the prime factors of x.
2
Let p(g) = g**2 - 10*g - 17. Let h(k) = -6*k**2 + 49*k + 86. Let l(u) = -2*h(u) - 11*p(u). Let x be l(-11). List the prime factors of (1380/15)/(x/2).
2, 23
Suppose -5*j - 2*f = -4, -2*j + 4*j + 11 = -5*f. Suppose 15 = -2*x + 3*i, -4*x + 2*i + j*i = 20. Suppose 4*b - 17 - 27 = x. List the prime factors of b.
11
Let l(t) = 5*t + 0*t + 3*t - t - 2. Let f be 2/((-2)/(-3)) - 2. List the prime factors of l(f).
5
Suppose 3*y + 241 = -2*n - 2*n, 266 = -3*y + n. Let p = y - -235. List the prime factors of p.
2, 37
Let w(x) = -24*x + 83. List the prime factors of w(-9).
13, 23
Let c = 30 - 59. Let z = 98 + c. What are the prime factors of z?
3, 23
Suppose 0 = 154*o - 150*o - 6052. What are the prime factors of o?
17, 89
Suppose -n = n + 10, -8287 = -4*y + 3*n. List the prime factors of y.
2, 11, 47
Suppose -3*u = 2*a + 7, 3*a = -0*u + 4*u - 19. Let f(o) = -7*o - 8. What are the prime factors of f(a)?
3
Suppose 7*k = -2*y + 10*k, 0 = -4*y + k. Suppose 271 = 5*g - 2*q, -g + 0*q - 3*q + 44 = y. List the prime factors of g.
53
Let u = 2 + 1. Let h = 0 + u. Suppose t = h*t + 8, 2*q - 2*t = 18. What are the prime factors of q?
5
Let f(v) = -18*v - 8. Let q be f(-4). Suppose 2*d - q = -0*d. Suppose -3*k + k + d = 0. List the prime factors of k.
2
Suppose -5*x - h = -13042, 0 = -5*x + 13*h - 10*h + 13054. What are the prime factors of x?
2609
Let v = -3549 - -7059. List the prime factors of v.
2, 3, 5, 13
Let w(f) = f**2 - 5*f - 1. Let u be w(7). Let m(k) = k - 12. Let a be m(u). What are the prime factors of ((-65)/(-26))/(a/2)?
5
Let g(c) = 15*c - 6. List the prime factors of g(9).
3, 43
Let r = -29 + 29. Suppose u = 2*o - r*o - 51, 4*u - 120 = -4*o. List the prime factors of o.
3
Let l(f) = 2*f + f - 8*f + 20. Let v(j) = -2*j + 7. Let k(t) = 3*l(t) - 8*v(t). What are the prime factors of k(3)?
7
Suppose 2*q + 4*o - 27 + 1 = 0, 65 = 5*q + o. Suppose y + 3*y - 104 = 0. Let g = y - q. What are the prime factors of g?
13
Let s(x) = x - 29. Let v be s(13). Let q be 27/12 + 4/v. Suppose -q*b = 3*b - 5, -4*b - 281 = -5*h. What are the prime factors of h?
3, 19
Suppose -112 + 17 = a - b, -3*b - 111 = a. What are the prime factors of (-2)/3*a/22?
3
Let n(l) = l - 10. Let c be n(14). Suppose c*p = 11 + 1. Suppose 3*x = -p*f + 75, 4*f - x - 2*x = 100. What are the prime factors of f?
5
Let y be (98 + -8)/((-1)/(-1)). Suppose y = -5*p - 2*x, p + 105 = -3*p + 5*x. List the prime factors of 3/4 + (-125)/p.
7
Suppose -2*o = 2, -8 = -3*h - 4*o - 12. Suppose -3*m - 678 = -3*f - h*f, -m - 682 = -3*f. List the prime factors of f.
2, 3, 19
Let h(x) = 7*x**2 - 48*x - 2. What are the prime factors of h(12)?
2, 5, 43
Let v(w) = -4*w**2 + 5*w**2 - w + 10*w - 7*w - 8. Let m be (-1)/((-3)/42*-2). List the prime factors of v(m).
3
Let a be (-80)/4*12/(-2). Suppose 4*n + 0*n = a. What are the prime factors of n?
2, 3, 5
Let c be (-145)/(-1) - (-1 + 1). List the prime factors of (-3)/18 - c/(-6).
2, 3
Suppose 5*z - 2*a + 5 = 2*a, 0 = -5*z - 3*a + 30. Let b(d) = 2*d**3 + d**2 + d + 2. What are the prime factors of b(z)?
2, 17
Suppose 0 = 2*d + d + o - 1, 0 = -4*d + o + 13. Let i(m) = -4*m + 7. Let n be i(d). List the prime factors of 0 + n + 39 - 3.
5, 7
Let o be (-3)/2 - (-33)/(-6). Let y(s) = -4*s + 23. What are the prime factors of y(o)?
3, 17
Let s(m) = -27*m + 1. Suppose -j = 5 - 2. List the prime factors of s(j).
2, 41
Let p be 5*(72/(-15) + 0). What are the prime factors of 3/p + 473/8?
59
Let m be (-11 - -9)